mmon factor of 100 and 140?
20
What is the highest common divisor of 34 and 272?
34
What is the highest common factor of 259 and 185?
37
Calculate the highest common divisor of 250 and 10.
10
What is the highest common factor of 582 and 96?
6
Calculate the highest common factor of 17 and 221.
17
What is the greatest common divisor of 38 and 665?
19
Calculate the greatest common factor of 2395 and 5.
5
What is the greatest common divisor of 17 and 323?
17
Calculate the highest common divisor of 1582 and 14.
14
Calculate the greatest common divisor of 4077 and 302.
151
Calculate the highest common divisor of 17518 and 152.
38
Calculate the highest common factor of 592 and 64.
16
Calculate the greatest common divisor of 415 and 10.
5
What is the greatest common factor of 205 and 5?
5
What is the highest common divisor of 132 and 1221?
33
What is the highest common divisor of 408 and 102?
102
Calculate the highest common factor of 250 and 14200.
50
Calculate the highest common divisor of 308 and 140.
28
What is the greatest common divisor of 567 and 7?
7
Calculate the greatest common divisor of 1344 and 21.
21
What is the greatest common divisor of 147 and 84?
21
What is the greatest common divisor of 90 and 810?
90
Calculate the highest common factor of 117 and 6.
3
Calculate the greatest common divisor of 1503 and 9.
9
What is the highest common divisor of 580 and 8265?
145
Calculate the highest common divisor of 675 and 25.
25
Calculate the highest common divisor of 44 and 5148.
44
Calculate the greatest common divisor of 125 and 50.
25
What is the highest common factor of 6652 and 4?
4
What is the greatest common factor of 206 and 2369?
103
Calculate the greatest common factor of 12 and 332.
4
Calculate the highest common factor of 16 and 312.
8
Calculate the greatest common divisor of 67 and 1072.
67
Calculate the highest common factor of 16 and 108.
4
Calculate the highest common factor of 22 and 363.
11
What is the highest common divisor of 21 and 8407?
7
Calculate the greatest common divisor of 576 and 882.
18
What is the greatest common factor of 303 and 707?
101
Calculate the greatest common factor of 95 and 15.
5
Calculate the highest common factor of 2673 and 22.
11
What is the highest common factor of 253 and 69?
23
What is the greatest common factor of 6034 and 14?
14
What is the highest common divisor of 670 and 10?
10
Calculate the highest common divisor of 36 and 164.
4
Calculate the greatest common factor of 171 and 18.
9
What is the greatest common factor of 224 and 700?
28
What is the highest common factor of 8468 and 876?
292
What is the greatest common factor of 51 and 2533?
17
What is the greatest common divisor of 536 and 16?
8
Calculate the greatest common divisor of 7 and 3983.
7
What is the greatest common divisor of 702 and 26?
26
Calculate the greatest common divisor of 1908 and 72.
36
Calculate the highest common factor of 2 and 1614.
2
What is the highest common factor of 66 and 44?
22
Calculate the highest common factor of 73 and 39931.
73
Calculate the greatest common divisor of 219 and 365.
73
Calculate the greatest common divisor of 63 and 576.
9
Calculate the greatest common divisor of 121 and 88.
11
Calculate the highest common factor of 375 and 960.
15
Calculate the greatest common divisor of 22526 and 42.
14
What is the highest common factor of 558 and 248?
62
What is the greatest common factor of 13 and 53183?
13
What is the highest common divisor of 39 and 767?
13
What is the greatest common divisor of 917 and 168?
7
Calculate the highest common factor of 26 and 3146.
26
Calculate the highest common factor of 357 and 2121.
21
Calculate the highest common factor of 21 and 41811.
21
Calculate the highest common divisor of 11 and 2827.
11
Calculate the highest common divisor of 115 and 9752.
23
Calculate the greatest common factor of 711 and 9.
9
Calculate the highest common divisor of 287 and 205.
41
Calculate the greatest common factor of 130 and 234.
26
What is the highest common factor of 11584 and 64?
64
What is the greatest common divisor of 1625 and 13?
13
Calculate the greatest common factor of 1638 and 28.
14
Calculate the highest common factor of 295 and 177.
59
Calculate the greatest common divisor of 92 and 19596.
92
What is the greatest common factor of 34 and 374?
34
Calculate the greatest common divisor of 65 and 104.
13
What is the highest common divisor of 10 and 250?
10
Calculate the greatest common divisor of 6821 and 19.
19
What is the greatest common factor of 16 and 80?
16
Calculate the greatest common divisor of 517 and 94.
47
What is the greatest common divisor of 8843 and 717?
239
What is the greatest common divisor of 18 and 1629?
9
What is the greatest common divisor of 297 and 3135?
33
Calculate the highest common factor of 6 and 75.
3
Calculate the highest common factor of 1269 and 47.
47
What is the highest common factor of 4393 and 382?
191
What is the highest common factor of 336 and 2256?
48
Calculate the greatest common factor of 6439 and 274.
137
What is the highest common divisor of 80 and 80?
80
Calculate the greatest common factor of 3042 and 18.
18
Calculate the greatest common divisor of 325 and 100.
25
What is the greatest common factor of 16 and 4016?
16
What is the highest common divisor of 2 and 226?
2
Calculate the highest common divisor of 43515 and 45.
45
What is the highest common factor of 88153 and 13?
13
Calculate the greatest common divisor of 79 and 3.
1
What is the highest common divisor of 48 and 2568?
24
Calculate the highest common divisor of 870 and 6670.
290
What is the greatest common factor of 576 and 1008?
144
What is the highest common factor of 141 and 1551?
141
What is the highest common factor of 112 and 84?
28
Calculate the greatest common factor of 79 and 1343.
79
What is the greatest common divisor of 10721 and 71?
71
What is the highest common factor of 140 and 20?
20
What is the highest common divisor of 247 and 26?
13
Calculate the greatest common factor of 10842 and 78.
78
What is the highest common divisor of 608 and 551?
19
Calculate the greatest common divisor of 45 and 144.
9
What is the highest common factor of 66 and 748?
22
What is the greatest common divisor of 3538 and 122?
122
What is the greatest common factor of 22 and 15?
1
Calculate the highest common factor of 40 and 632.
8
Calculate the highest common factor of 91 and 35.
7
Calculate the greatest common factor of 17 and 1921.
17
Calculate the highest common divisor of 3 and 6.
3
Calculate the greatest common factor of 858 and 234.
78
What is the highest common divisor of 8 and 12?
4
What is the highest common factor of 1001 and 1309?
77
What is the greatest common factor of 8281 and 21?
7
What is the highest common factor of 4667 and 52?
13
What is the greatest common factor of 36 and 9036?
36
What is the greatest common divisor of 25 and 2825?
25
What is the highest common divisor of 154 and 175?
7
What is the highest common factor of 18 and 48?
6
What is the highest common divisor of 6946 and 5134?
302
Calculate the highest common factor of 7056 and 72.
72
What is the highest common divisor of 2 and 274?
2
Calculate the greatest common factor of 231 and 14476.
77
Calculate the highest common factor of 98 and 10.
2
What is the greatest common factor of 18 and 18?
18
What is the greatest common factor of 16 and 16?
16
Calculate the highest common factor of 30 and 2055.
15
What is the greatest common divisor of 18 and 2718?
18
Calculate the highest common divisor of 112 and 56.
56
Calculate the greatest common divisor of 312 and 120.
24
What is the highest common divisor of 198 and 22?
22
What is the highest common divisor of 114 and 3819?
57
What is the highest common divisor of 165 and 8745?
165
What is the highest common factor of 9 and 441?
9
Calculate the highest common divisor of 16 and 328.
8
Calculate the highest common factor of 735 and 1095.
15
What is the greatest common divisor of 63 and 72?
9
Calculate the highest common divisor of 10 and 65.
5
What is the highest common factor of 49 and 63?
7
What is the greatest common factor of 3080 and 1210?
110
What is the greatest common divisor of 70844 and 356?
356
Calculate the greatest common divisor of 2430 and 